 + 54 = 4*n, n = 3*m + 10. List the prime factors of w(n).
61
Let t = -9 + -6. Let l be (24/20)/((-6)/t). Suppose 0 = 4*a - l*a - 13. What are the prime factors of a?
13
Let r(z) = z**2 + 13*z - 7. Let i be r(-14). Let h = 27 - i. Let o = h + 3. List the prime factors of o.
23
Suppose -2*l = -4*k + 793 + 869, 4*l = -4*k + 1656. What are the prime factors of k?
5, 83
Let h(q) = -q**3 + 11*q**2 + 2*q - 3. Suppose t = 3*x + 26, 14 = -3*x + 2. Let p = -3 + t. What are the prime factors of h(p)?
19
Suppose 3*c - 2*c = 1. Suppose -n = -3 - c. Suppose 5*m + 0*b = -b + 10, n*m - 5*b - 37 = 0. What are the prime factors of m?
3
List the prime factors of 1684/(-6)*(200/(-16) + 8).
3, 421
Suppose -a + 30 = -4*a. Let i = -7 - a. Suppose i*b - 93 = -0*b. What are the prime factors of b?
31
Suppose 29 = 3*c - 40. List the prime factors of c.
23
Let g be (-5*4/(-16))/(1/4). Suppose -g*k + 24 = -176. What are the prime factors of k?
2, 5
Suppose 0*n - n + 2577 = 0. Let f = -1316 + n. List the prime factors of 1/(-4) + f/52.
2, 3
Let q be 3/(-12) - 102/(-24). Suppose -2*s = q*t - 0*s - 314, t + 4*s - 82 = 0. List the prime factors of t.
2, 3, 13
Let y be ((-137)/(-4))/((10 + -4)/72). Suppose -5 = -5*l, -5*u + 2*l - 3*l = -y. List the prime factors of u.
2, 41
Suppose -2*x - 35 = -125. Suppose x - 189 = -3*w. List the prime factors of w.
2, 3
Suppose 3*m + 696 = -m. Let h = m + 444. What are the prime factors of h?
2, 3, 5
Let u = 2049 + -1315. List the prime factors of u.
2, 367
Let w(u) = -u**2 - 7*u + 10. Let h be w(-8). Suppose h*i - 8 = 0, 5*x - 296 = -4*i + 65. List the prime factors of x.
3, 23
Suppose -8*x - 21 = -109. Suppose x*q - 17*q + 774 = 0. List the prime factors of q.
3, 43
Let k be 26/(-195) - (-2)/15. Suppose k = -2*f + 25 + 13. List the prime factors of f.
19
List the prime factors of 2 - (-87126)/33 - 86/473.
2, 1321
Suppose 50*j - 46*j - 8 = 0. List the prime factors of (-14 + 7)/(j*1/(-10)).
5, 7
Let q(h) = 27*h - 80. List the prime factors of q(9).
163
Let i = -229 - -314. What are the prime factors of i?
5, 17
Let p = -11987 - -17499. What are the prime factors of p?
2, 13, 53
Suppose 0 = -4*i - j + 2*j + 17234, -4298 = -i - 5*j. What are the prime factors of i?
2, 3, 359
Let v be 21 + -2 + 1 - 0. Let l = v - -23. What are the prime factors of l?
43
Let y(u) = 94*u**2 + 15*u + 13. Let l(i) = -47*i**2 - 8*i - 7. Let v(j) = 7*l(j) + 4*y(j). What are the prime factors of v(-1)?
2, 23
Suppose 2*r + 2*l - 2962 = 0, 3*r - 5*l = 3449 + 1026. List the prime factors of r.
3, 5, 11
Let q be (2/(-5))/((-8)/(-1320)). Let r = q - -29. Let b = 72 + r. What are the prime factors of b?
5, 7
Let w = -2234 + 3852. What are the prime factors of w?
2, 809
Suppose 2*w = 4*v + 544, 4*v - v = -3*w + 771. What are the prime factors of w?
2, 131
Suppose -3*g - p - 4 = -15, 0 = 5*g - 5*p + 15. What are the prime factors of (18/3 - g) + 76?
2, 5
Let j(y) = 246*y**2 - 3*y - 5. List the prime factors of j(-1).
2, 61
Let j = -24 + 24. Suppose -5*o - 4*s + 225 = j, 2*o + 5*s - 24 = 49. List the prime factors of o.
7
Let l(t) = 55*t**2 - 9*t + 23. List the prime factors of l(-5).
3, 13, 37
Let n = -23 - -23. Let b be (-3 - n)/((-1)/31). Suppose 0 = 5*k + 4*d - 213, -2*k + 0*k = -d - b. What are the prime factors of k?
3, 5
Let z be 3*3/18*4. Suppose 3*y = 4*y - z. Suppose -o = -2*o + y. What are the prime factors of o?
2
Suppose 0 = l + 2*l + 4*c - 1, 2*l - 8 = c. Suppose -4*d - 24 = 4*s, 5*d - s = l*s - 21. What are the prime factors of d/10 + (-46)/(-4)?
11
Let z(q) = -5*q - 4. Let a be z(-4). Let n = 21 - a. Suppose 3*m - 3*x - 77 = -x, 3*x = -n*m + 141. What are the prime factors of m?
3
Suppose 27056 = 17*d + 7285. What are the prime factors of d?
1163
Let g(l) = -l + 18. Let c be g(16). Let p(a) be the first derivative of 3*a**2 - a + 1. List the prime factors of p(c).
11
Let m(z) = 139*z + 233. What are the prime factors of m(8)?
5, 269
Suppose 6*o = 4*o + 4*o. Suppose -6*m + 135 + 321 = o. List the prime factors of m.
2, 19
Let r(q) = -1169*q**3 + q - 2. Let l be r(1). Let z be (l/(-24))/(12/32). Suppose z = 6*i - 266. What are the prime factors of i?
2, 3, 11
Let k(p) = p**3 - p**2 - 6*p + 1. Let o be k(5). Suppose -3*z = -103 - o. List the prime factors of z.
2, 29
Suppose 4552 = 9*r - 443. List the prime factors of r.
3, 5, 37
Let v(o) = -8*o - 1. Let t be v(-3). Suppose 2*p + 38 = n, -2*p = -n - 3*p + t. Suppose 0 = -2*y + n - 2. List the prime factors of y.
13
Let t(b) = -45*b**3 + 3*b**2 + 9*b + 13. List the prime factors of t(-2).
367
Suppose 4*x - 106 = 878. Let r = x - 151. What are the prime factors of r?
5, 19
Let w = -1734 + 3016. List the prime factors of w.
2, 641
Suppose 0 = -8*b + 1058 + 582. What are the prime factors of b?
5, 41
Suppose -f + 10 + 14 = 0. Suppose -y = 3*y - f. Suppose y = -2*q + 14. What are the prime factors of q?
2
Let g = 10 - 8. Suppose -21 = -g*b + 3*q, 2*b - q + 26 = 5*b. Suppose j - 27 = b. List the prime factors of j.
2, 3
Let g(t) = t**3 + t**2 + t. Let h(i) = -3*i**3 + 3*i**2 - i - 3. Let w(d) = 2*g(d) + h(d). List the prime factors of w(4).
17
Let t = -4 - -8. Suppose -t*m - 9 = -21. List the prime factors of 3 - ((-300)/4)/m.
2, 7
Let w = 747 + -242. What are the prime factors of w?
5, 101
List the prime factors of (-6)/54*3*-1278.
2, 3, 71
Suppose -35 = -11*r + 6*r. Suppose 165 = -4*f + r*f. What are the prime factors of f?
5, 11
Let d = 4 + 0. Suppose -2*k = -3*a + 480, d*k - 9*k = 3*a - 480. What are the prime factors of a?
2, 5
Suppose h + 2*v - 35 - 3 = 0, -6 = -2*v. Suppose 3*z + 8 = 4*f - 1, -5*z + 19 = -f. Suppose 0 = 4*w - f*w + h. What are the prime factors of w?
2
Suppose 3*r + 5 = 4*r. Suppose -4*v = k + 4, -r*v - 5 = -3*k + k. Let c(l) = -20*l. What are the prime factors of c(v)?
2, 5
Let o(i) = 40*i**2 + 6*i - 10. Let t(w) = 8*w**2 + w - 2. Let v(r) = -2*o(r) + 11*t(r). List the prime factors of v(2).
2, 7
Let m(i) = -i**2 - 5*i + 9. Let s be m(-6). Suppose -207 = s*z - 6*z. Let c = 110 - z. List the prime factors of c.
41
Let m be ((-4)/(-3))/((-3)/405*-5). What are the prime factors of ((-4)/m*3)/(2/(-294))?
7
Suppose -h = -2*h - y, 4*h - 35 = 3*y. Suppose -h*z + 6*z - 113 = 0. List the prime factors of z.
113
Let v be (-1)/(-5) + (-36)/(-20). Let t be 3 + 2 + (2 - v). Suppose -4*c + 2*p = t - 69, -c - 4*p + 16 = 0. List the prime factors of c.
2
Let j(t) = t**3 - 33*t**2 + 61*t - 16. List the prime factors of j(33).
1997
Let r be (-1)/(1 - 12/15). Let c(a) be the third derivative of a**5/60 - 2*a**3/3 - 2*a**2. What are the prime factors of c(r)?
3, 7
Suppose -v - 2*v = -5*j - 29, -v + 6 = 2*j. List the prime factors of (-1 + (-3)/(-15))/(v/(-300)).
2, 3, 5
Let u(t) = 9*t + 9. Suppose -3*g - 2*z + 20 = 0, -g + 6*g - z - 16 = 0. List the prime factors of u(g).
3, 5
Suppose -3*r - 2*r - 20 = 0, -3*a - 3*r = -36. Suppose a + 8 = 3*h. Let l = h - -20. List the prime factors of l.
2, 7
Suppose 6748 = l + 4*g, 6*l = 4*l - 4*g + 13508. Let f be l/36 - (-2)/9. Suppose -5*p + 240 = -5*m, f = p + 3*p - 2*m. What are the prime factors of p?
2, 23
Suppose u - 15 = -2*u. Suppose 2*g - u*g = 45. List the prime factors of (1 + 0 + g)*-3.
2, 3, 7
Suppose 3*b = -12 + 30. Let d = 10 - b. Suppose 67 = -d*k + 255. List the prime factors of k.
47
Let w(s) = 1. Let g(z) = 5*z + 8. Let q(t) = g(t) - 5*w(t). What are the prime factors of q(10)?
53
Let f be (-2)/(6/(-27)) - 4. Suppose 2*t - 93 = -2*t - 3*r, t = f*r + 29. Suppose -z - 2*v + 7*v = -t, 5*z - 16 = -v. List the prime factors of z.
2
Suppose -2*s + 5*k - 3245 = 0, 2*k = -3*s + 7*k - 4860. List the prime factors of (-6)/(-4) + s/(-10).
163
Let o = -59 + 60. List the prime factors of (-7)/(-21)*-3 + o*14.
13
Let m(g) be the third derivative of g**6/360 + g**5/24 - g**3/3 + 5*g**2. Let n(o) be the first derivative of m(o). List the prime factors of n(-6).
2, 3
Let n = 38 - 33. Suppose -310 = -n*p + 300. List the prime factors of p.
2, 61
Let y = 10 + -8. Suppose 2*j = y*z + 4*j + 30, -3*z - 45 = -5*j. List the prime factors of -5*(-2 + 24/z).
2, 3
Suppose 2*h - 8452 = -0*h. What are the prime factors of h?
2, 2113
Suppose 5*g = 2*i - 11 + 2, -11 = -4*i + 3*g. Let a be i/(-2)*(-255)/(-15). List the prime factors of (-3 + 6/3)*a.
17
Let i be (2/2)/((-25)/(-50)).